 3/(-2))*2. Suppose -g*n - 5*t = -n - 12, -15 = -5*n - 5*t. Is n*(-69 - -2)*-1 a composite number?
False
Let u be (-26)/(-6) + 3/(-9). Suppose -2*z - 2*t + 16 = 0, 57 = 3*z - u*t + 5. Suppose 5*m - z = 118. Is m a prime number?
False
Let c = 1377 + -708. Suppose 0 = 2*d + d - c. Is d a prime number?
True
Suppose -4*j + 2443 = 2*l - 3*j, -2441 = -2*l + j. Suppose 8*s - 5*s - l = 0. Is s prime?
False
Suppose 0 = 4*f + 2*l + 432, 2*l + 130 - 334 = 2*f. Let i = 168 + f. Suppose w + w = i. Is w a composite number?
False
Let v(n) = -51*n**2 - 2*n + 2. Let c be v(-2). Is ((-2)/6)/(6/c) a composite number?
False
Let l(z) = -19*z**2 - 3*z - 1. Let b be l(-3). Is b*(-1 + -1)/2 a composite number?
False
Suppose -22 = -4*l - 2. Suppose t - 132 = -3*i + 5, -l*t + 5*i + 725 = 0. Is t a composite number?
True
Let h(g) = 5*g**2 - g - 15. Let f be h(11). Is (-1)/(-2) - f/(-6) composite?
False
Let f(h) = h**3 + 5*h**2 + 4*h + 2. Let z be f(-4). Suppose 0 = -b + z*b. Suppose -5*r + 14 + 251 = b. Is r a composite number?
False
Let d be (0 - -30)*11 + 2. Suppose -b - n + d = 3*n, -5*b = -3*n - 1660. Suppose 0 = -5*i + i + b. Is i a composite number?
False
Let k(w) be the first derivative of 2 + 31*w - 16*w - 3*w**2 + 2*w**2. Is k(-11) a prime number?
True
Let a be (-1)/2*(-12)/(-3). Let n be a/7 - (-573)/21. Suppose -r = 2*r - n. Is r a prime number?
False
Let k be ((-2)/(-3))/((-2)/(-6)). Suppose -2*d = -0*a + k*a, -3*d = a - 10. Suppose -d*x = 2*q - 279, 0*q - 5*q = -4*x - 615. Is q prime?
True
Let d be 4*((-110)/(-4))/(-5). Is (d/(-6))/((-4)/(-12)) a composite number?
False
Let a be -4*(1 - (-1)/2). Is (4/a)/(1/(-21)) composite?
True
Let v(u) = -u**3 + 5*u**2 - 2*u - 4. Let c be v(4). Suppose c = -2*o - 2. Is (-256)/o + 4/(-12) a prime number?
False
Let y(m) = -5*m**3 + 11*m**2 - 10*m - 29. Is y(-9) composite?
False
Let o(m) = -m**3 + 10*m**2 - 8*m + 4. Let y be o(8). Let f be 33/(-2)*(-2)/1. Let k = y - f. Is k prime?
False
Suppose 0 = -4*f + 2*f - 3*m + 190, f - 3*m - 77 = 0. Is f composite?
False
Suppose 3*n - 1277 = 52. Is n composite?
False
Suppose 2*l - 6 = j, -l + 0*l = 4*j - 12. Suppose 5*r = -j*a + 55, -5*r - 3*a = -52 - 3. Let m = r - 8. Is m a prime number?
True
Suppose 4*w - w = 6. Suppose -f + 7 = w. Let j = 15 - f. Is j composite?
True
Suppose -37 = u + 97. Let i = u - -236. Let y = -67 + i. Is y prime?
False
Let s be (2/1)/2 - -5. Suppose v - s*v = -570. Suppose 2*c - 4*c = 5*u - v, -2*c = 3*u - 106. Is c prime?
True
Let g = 619 - 300. Is g composite?
True
Suppose -9*s + 4*s = -50. Is s composite?
True
Let t be 6 - 3/1 - -2. Suppose t*p + 495 = 5*f - 0*f, -2*p = -f + 101. Is f a composite number?
False
Let t(j) = j**3 - 7*j**2 - 2*j + 5. Let b be (2 + (-46)/(-4))*2. Suppose z - b = -3*o, 2 = -4*o + 5*z + 19. Is t(o) a composite number?
False
Suppose -3*f - 6 = -6*f. Is -2 - (f + -11) - -3 a prime number?
False
Let t(u) be the first derivative of 2*u**3/3 + 11*u**2/2 + 6*u + 5. Is t(-11) a composite number?
False
Let y(i) = -1293*i**3 + i**2 + i. Is y(-1) a prime number?
False
Let o(p) = -p**3 + 4*p**2 + 3. Let z be o(4). Is -3 - -508 - 6/z prime?
True
Suppose 0 = -2*x + 7*x. Suppose x = -4*g + 64 + 12. Is g prime?
True
Suppose 2*a = 5*f - 4 + 37, 2*f + 15 = a. Suppose 25 = -4*v - o, 5*o + 7 + 16 = -3*v. Let g = a + v. Is g prime?
True
Suppose 0 = 5*j - 8*j + 2*f + 429, -2*j = -2*f - 288. Is j prime?
False
Let z(i) be the third derivative of -i**6/120 + 3*i**5/20 - 3*i**4/8 + 5*i**3/6 + 2*i**2. Is z(6) composite?
False
Let s be -2*2/8*-2. Let g = 5 - s. Suppose 79 = 2*b - 5*i, g*b - 7 = 4*i + 145. Is b a prime number?
True
Let u = 263 + 210. Let w = -174 + u. Let y = w + -172. Is y composite?
False
Let h(u) = -u**3 - 5*u**2 - 7*u + 5. Is h(-6) a composite number?
False
Let w = -8 + 691. Is w a composite number?
False
Suppose 395 = 5*w + 4*s, 4*s = 7*w - 4*w - 237. Is w composite?
False
Let f = -1440 - -746. Is (f/(-3))/(12/18) composite?
False
Is (2 + -16)/((-2)/37) prime?
False
Let u = -3580 - -5172. Suppose -u = -3*n - p - 0*p, -2*n = -2*p - 1048. Is n a prime number?
False
Let v(c) be the first derivative of -c**2/2 + 4*c + 2. Let b be v(-4). Suppose 3*r = 5*r + 2*h - 28, -r + 5*h + b = 0. Is r a prime number?
True
Let v = -85 + 230. Is v composite?
True
Suppose -4*w + 391 = -45. Is w prime?
True
Suppose 4*n - 14 = -42. Let o = n + 26. Is o composite?
False
Suppose -6653 = -4*j + 7319. Is j composite?
True
Let w = -50 - -31. Let g = w - -33. Is g a composite number?
True
Let v = 125 - 79. Suppose 0 = -4*q + v + 46. Suppose -3*i - q = -4*i. Is i prime?
True
Let n be (-8)/(-12) - 44/(-6). Suppose 0*z - n = 4*z. Is z*(-3)/6 - -36 composite?
False
Suppose -4*m = -3*m. Suppose 3*z + 0*z - 105 = m. Is z a prime number?
False
Let c be -2 - -5 - (2 - 1). Suppose -5*z + 4*a + 14 = 0, 5*a + 10 = c*z + 1. Let g = z - -1. Is g composite?
False
Suppose -8*f - f + 1071 = 0. Is f a prime number?
False
Suppose 3*s + 1 = 7. Is (1 + -2)/(s/(-28)) composite?
True
Suppose 6*u - 4*u = 10. Suppose u*c + 15 = 0, -2*c + 30 + 20 = 4*z. Is z prime?
False
Let x(k) = 17*k - 3. Let b be x(5). Let j = b - 44. Is j a composite number?
True
Let u = 37 + -56. Let m = u + 29. Is m a prime number?
False
Suppose -4*b = b. Suppose 2*i = -i - 4*a + 106, b = 3*i - 4*a - 122. Is i a composite number?
True
Let n(x) = x**3 - 4*x**2 - 11*x - 5. Is n(9) a prime number?
False
Let i = -1 - -1. Let a be 2 + i + -2 + 2. Suppose 0*t + 3*t - 37 = 4*m, 2*t + a*m - 48 = 0. Is t a composite number?
False
Let l(c) = 65*c**2 + 3*c - 7. Is l(7) a composite number?
True
Let y = -2832 + 1434. Is 3 + 0 + y/(-3) a composite number?
True
Let m(z) = -339*z - 2. Is m(-1) prime?
True
Let q(t) = t**3 - 17*t**2 + 24*t - 13. Is q(18) a prime number?
True
Suppose 90 = 5*b + 4*q, -3*b + 22 = -4*q - 0*q. Is b/(-4)*-2*53 prime?
False
Let y = 87 - -37. Suppose 3*b + b = y. Suppose -b = -f + 5*k, 2*k = 3*f - 0*k - 145. Is f composite?
True
Suppose 3*n + 1 = 4. Let u = 10 + n. Let q = -1 + u. Is q a prime number?
False
Suppose -2*h + 73 + 115 = 0. Suppose -3*q + 5*q - h = 0. Is q a prime number?
True
Let v(s) = 371*s + 14. Is v(9) composite?
True
Let x be 6/8 - 15/(-12). Suppose -x*n = n - 957. Is n composite?
True
Suppose -3*g - 4*h = 32, 0 = g - 3*h - 2 - 9. Let o = 0 + g. Is (o/6)/(4/(-66)) prime?
True
Let u(k) be the first derivative of -k**2 + 5*k + 5. Is u(-5) composite?
True
Let u(d) = -d**2 + 6*d + 2. Let v be u(6). Suppose 4*y - 8*y - v*h + 168 = 0, -126 = -3*y - 2*h. Let x = 37 + y. Is x a prime number?
True
Suppose 0 = d + 5*j - 49, 2*d - 264 = -2*d - 3*j. Is d a composite number?
True
Let u = 10 + -6. Suppose s - 5*q - 14 = -q, -3*s + u*q = -18. Suppose 0 = 4*g + r - 95, -2*r - s*r = -3*g + 95. Is g prime?
False
Suppose 3*q - 175 = 2*w, 180 = 4*q - q + 3*w. Is q composite?
False
Suppose 0 = -8*a - 0*a + 5352. Is a prime?
False
Suppose 2*k - 3*k = -211. Is k composite?
False
Let m = 17 - 11. Let u(j) = 2*j + 0*j + 4*j - 5. Is u(m) a prime number?
True
Let n be (-3)/2*4/(-6). Let a be (0 - n - 5) + 1. Let g = 12 + a. Is g a composite number?
False
Let v = 257 + 830. Is v a composite number?
False
Let x be (-4)/(-2) + (64 - 2). Suppose -4*k = -4*p - 200 + x, 115 = -4*p - 3*k. Let n = p + 44. Is n a composite number?
False
Suppose -2*d = 2*d. Let k(r) = -1 - 90*r**3 - 2*r - 5*r**2 + 3*r**2 + d*r. Is k(-1) composite?
False
Let g(d) = 73*d - 1. Let t be g(-3). Let i = 11 - t. Suppose 4*k = k + i. Is k a composite number?
True
Suppose -2*b - 5*x = -14, 6*b = 2*b + x + 6. Suppose -2*d + 226 = m, -d - b*m = -24 - 95. Is d prime?
False
Let i(q) = -q**3 + 5*q**2 + q - 5. Let c be i(-6). Suppose -2*a = -c + 103. Is a a composite number?
True
Let r(y) = y**3 + 2*y**2 - 2*y - 2. Let o be r(-2). Let q be o + (-2 - -3) - -1. Suppose -202 = -4*z - 8*w + 3*w, 0 = q*z + 3*w - 206. Is z prime?
True
Suppose -2*j + 7 = 3. Suppose -j*f - 326 = -3*f. Is f prime?
False
Let h be 1 + 10 - (4 - 2). Let u = h + -5. Suppose 0 = p - m + 2*m - 14, -u*m - 28 = -2*p. Is p prime?
False
Suppose -13*z = -16*z + 753. Is z prime?
True
Let z(r) = -25*r**3 + 2*r**2 - 5*r - 19. Is z(-3) composite?
True
Let v = -1264 - -4337. Is v a prime number?
False
Let b(t) = 2*t**2 + 3*t + 3. Let i be b(-4). Suppose v - 74 = i. Is v prime?
True
Suppose -